the remainder when 1976 is divided by 69.
44
Calculate the remainder when 46720 is divided by 15530.
130
What is the remainder when 94141 is divided by 98?
61
What is the remainder when 928860 is divided by 309614?
18
What is the remainder when 7613 is divided by 17?
14
What is the remainder when 44801 is divided by 23?
20
Calculate the remainder when 19799 is divided by 3.
2
Calculate the remainder when 564632 is divided by 31.
29
What is the remainder when 179194 is divided by 42?
22
What is the remainder when 7080 is divided by 290?
120
Calculate the remainder when 579 is divided by 46.
27
Calculate the remainder when 3310 is divided by 474.
466
What is the remainder when 91048 is divided by 532?
76
Calculate the remainder when 682462 is divided by 17.
14
What is the remainder when 88358 is divided by 81?
68
What is the remainder when 737047 is divided by 746?
745
What is the remainder when 732 is divided by 311?
110
What is the remainder when 454 is divided by 75?
4
What is the remainder when 474518 is divided by 17?
14
What is the remainder when 30296 is divided by 470?
216
What is the remainder when 4616 is divided by 23?
16
What is the remainder when 1165 is divided by 977?
188
What is the remainder when 4075773 is divided by 48?
45
What is the remainder when 6689 is divided by 180?
29
What is the remainder when 290360 is divided by 488?
0
Calculate the remainder when 12102 is divided by 526.
4
Calculate the remainder when 2981 is divided by 183.
53
Calculate the remainder when 4873 is divided by 212.
209
What is the remainder when 1183611 is divided by 295896?
27
What is the remainder when 2554 is divided by 324?
286
Calculate the remainder when 1381 is divided by 224.
37
Calculate the remainder when 471994 is divided by 58999.
2
Calculate the remainder when 16662 is divided by 321.
291
What is the remainder when 14078 is divided by 160?
158
What is the remainder when 76841 is divided by 1011?
5
Calculate the remainder when 681908 is divided by 264.
260
What is the remainder when 42697 is divided by 3283?
18
Calculate the remainder when 28998 is divided by 403.
385
What is the remainder when 226468 is divided by 169?
8
Calculate the remainder when 4989 is divided by 304.
125
What is the remainder when 1286 is divided by 197?
104
Calculate the remainder when 5806 is divided by 2886.
34
Calculate the remainder when 126 is divided by 109.
17
What is the remainder when 121008 is divided by 249?
243
What is the remainder when 29597 is divided by 11?
7
What is the remainder when 4080 is divided by 72?
48
What is the remainder when 2272 is divided by 113?
12
What is the remainder when 58054 is divided by 1759?
7
What is the remainder when 3144313 is divided by 5?
3
Calculate the remainder when 343124 is divided by 986.
982
What is the remainder when 126135 is divided by 476?
471
Calculate the remainder when 548997 is divided by 182995.
12
What is the remainder when 310246 is divided by 60?
46
What is the remainder when 53783 is divided by 61?
42
What is the remainder when 3798 is divided by 2696?
1102
What is the remainder when 707751 is divided by 30?
21
What is the remainder when 12957 is divided by 32?
29
What is the remainder when 29307 is divided by 9769?
0
Calculate the remainder when 5717172 is divided by 775.
772
Calculate the remainder when 1220470 is divided by 640.
630
What is the remainder when 28920 is divided by 59?
10
What is the remainder when 11942 is divided by 148?
102
Calculate the remainder when 839299 is divided by 24.
19
Calculate the remainder when 1702457 is divided by 6.
5
What is the remainder when 2994 is divided by 137?
117
What is the remainder when 1138 is divided by 105?
88
Calculate the remainder when 319786 is divided by 159889.
8
Calculate the remainder when 2801 is divided by 1199.
403
Calculate the remainder when 122303 is divided by 122286.
17
What is the remainder when 40428 is divided by 10103?
16
Calculate the remainder when 75131 is divided by 3953.
24
What is the remainder when 571 is divided by 27?
4
Calculate the remainder when 42601 is divided by 9.
4
What is the remainder when 238691 is divided by 14?
5
Calculate the remainder when 1027 is divided by 42.
19
Calculate the remainder when 4152 is divided by 323.
276
Calculate the remainder when 5700 is divided by 1892.
24
What is the remainder when 82629 is divided by 103?
23
What is the remainder when 121249 is divided by 282?
271
What is the remainder when 6317 is divided by 3061?
195
Calculate the remainder when 25984 is divided by 35.
14
What is the remainder when 28360 is divided by 28?
24
Calculate the remainder when 116724 is divided by 152.
140
What is the remainder when 785 is divided by 743?
42
What is the remainder when 5971 is divided by 150?
121
What is the remainder when 140657 is divided by 41?
27
Calculate the remainder when 11443 is divided by 477.
472
Calculate the remainder when 4156 is divided by 18.
16
What is the remainder when 540 is divided by 277?
263
What is the remainder when 138876 is divided by 1120?
1116
Calculate the remainder when 247787 is divided by 349.
346
What is the remainder when 2775640 is divided by 89?
86
What is the remainder when 37768 is divided by 1594?
1106
Calculate the remainder when 28029 is divided by 63.
57
What is the remainder when 44325 is divided by 11078?
13
Calculate the remainder when 128737 is divided by 1063.
114
What is the remainder when 4781 is divided by 622?
427
Calculate the remainder when 1961093 is divided by 5.
3
What is the remainder when 1490 is divided by 490?
20
What is the remainder when 31 is divided by 9?
4
Calculate the remainder when 25944 is divided by 2161.
12
What is the remainder when 132566 is divided by 13256?
6
Calculate the remainder when 28768 is divided by 4794.
4
Calculate the remainder when 25974 is divided by 1361.
115
Calculate the remainder when 276503 is divided by 46.
43
Calculate the remainder when 171960 is divided by 7816.
8
What is the remainder when 73084 is divided by 24347?
43
Calculate the remainder when 3186 is divided by 850.
636
Calculate the remainder when 75221 is divided by 18801.
17
Calculate the remainder when 211424 is divided by 7.
3
What is the remainder when 3101 is divided by 1023?
32
Calculate the remainder when 26573 is divided by 825.
173
What is the remainder when 9971 is divided by 664?
11
Calculate the remainder when 782 is divided by 285.
212
Calculate the remainder when 70029 is divided by 16.
13
Calculate the remainder when 23856 is divided by 16.
0
Calculate the remainder when 416858 is divided by 1473.
1472
Calculate the remainder when 2268778 is divided by 376.
370
What is the remainder when 1020 is divided by 370?
280
What is the remainder when 46960 is divided by 303?
298
What is the remainder when 65814 is divided by 186?
156
Calculate the remainder when 12635 is divided by 383.
379
Calculate the remainder when 106584 is divided by 224.
184
Calculate the remainder when 64565 is divided by 41.
31
What is the remainder when 10635 is divided by 3535?
30
Calculate the remainder when 8443 is divided by 57.
7
What is the remainder when 8366 is divided by 309?
23
What is the remainder when 48627 is divided by 512?
499
What is the remainder when 1876 is divided by 445?
96
What is the remainder when 343172 is divided by 371?
368
What is the remainder when 334 is divided by 333?
1
What is the remainder when 25730 is divided by 206?
186
Calculate the remainder when 84374 is divided by 3835.
4
Calculate the remainder when 6058 is divided by 30.
28
Calculate the remainder when 5615 is divided by 2798.
19
Calculate the remainder when 1329 is divided by 649.
31
Calculate the remainder when 4190 is divided by 437.
257
What is the remainder when 3887350 is divided by 21?
19
What is the remainder when 21663 is divided by 55?
48
Calculate the remainder when 54901 is divided by 140.
21
Calculate the remainder when 27046 is divided by 59.
24
What is the remainder when 2700 is divided by 1147?
406
Calculate the remainder when 5431 is divided by 45.
31
Calculate the remainder when 5670 is divided by 142.
132
Calculate the remainder when 83655 is divided by 14.
5
Calculate the remainder when 7097 is divided by 355.
352
What is the remaind